 w(8).
-79
Let z(l) = 1130*l - 25993. What is z(23)?
-3
Let j(t) = -t**3 + 78*t**2 + 76*t + 240. Give j(79).
3
Let l(i) = -2*i**2 - 56*i - 35. Give l(-27).
19
Let o(p) = -5*p**2 - 22*p + 12. What is o(-6)?
-36
Let h(g) = -21*g + 160. What is h(9)?
-29
Let u(c) = -3*c**3 - 291*c**2 - 2*c - 59. Calculate u(-97).
135
Let p(u) = -8*u - 133. Calculate p(-41).
195
Let f(r) = -63*r - 612. Calculate f(-7).
-171
Let g(k) = k**2 + 312*k + 5186. Determine g(-18).
-106
Let d(a) = -25*a**2 + 47*a - 203. Give d(4).
-415
Let h(c) = c**3 + 13*c**2 - 142*c - 1. Give h(-20).
39
Let a(u) = u**2 - 171*u - 8968. Give a(-42).
-22
Let j(k) = k**2 + 112*k + 3116. Determine j(-61).
5
Let q(r) = 576*r + 2300. Give q(-4).
-4
Let u(g) = 41*g**2 - 6725*g + 164. Give u(164).
0
Let b(g) = -g**3 + 46*g**2 + 2211*g - 101707. What is b(46)?
-1
Let r(b) = -b**2 + 170*b + 1050. What is r(-6)?
-6
Let x(p) = -6*p**2 + 8*p - 25. Give x(4).
-89
Let d(t) = 18*t - 39. Give d(-13).
-273
Let z(x) = -2*x**3 + 89*x**2 - 53*x + 399. Calculate z(44).
3
Let j(m) = m**3 + 5*m**2 - 43*m - 91. Give j(-10).
-161
Let s(q) = -q**3 + 24*q**2 - 88*q + 487. Calculate s(21).
-38
Let u(i) = -2144*i - 27. Determine u(0).
-27
Let q(t) = 14*t - 290. Calculate q(22).
18
Let g(l) = -221*l + 33. Calculate g(-1).
254
Let s(h) = -49*h + 336. Give s(9).
-105
Let u(h) = -140*h + 986. Calculate u(7).
6
Let n(x) = x**3 - 20*x**2 - 20*x - 26. Determine n(21).
-5
Let o(w) = -w**3 + 100*w**2 - 394*w + 1002. Determine o(96).
42
Let u(l) = 5*l**2 - 11*l - 79. What is u(8)?
153
Let n(o) = -66*o + 35. Determine n(-2).
167
Let t(l) = 250*l - 655. Determine t(3).
95
Let u(s) = s**3 + 11*s**2 - 12*s - 18. What is u(-12)?
-18
Let n(v) = v**2 + 26*v + 119. Determine n(-24).
71
Let s(v) = 8*v**2 + 2*v - 6. Give s(1).
4
Let m(c) = -14*c + 132. Give m(18).
-120
Let b(o) = 102*o + 58. Determine b(0).
58
Let u(d) = 6*d**3 + 148*d**2 - 45*d + 128. Determine u(-25).
3
Let h(a) = 159*a + 1587. Give h(-10).
-3
Let l(g) = g**3 + g**2 + 2*g - 258. Give l(0).
-258
Let d(k) = 313*k + 14379. What is d(-46)?
-19
Let u(d) = 1183*d + 23. Determine u(0).
23
Let d(c) = 108*c - 1296. Give d(12).
0
Let m(l) = l**3 - 16*l**2 + 44*l - 4. What is m(12)?
-52
Let w(k) = 94*k - 190. What is w(2)?
-2
Let h(z) = -z**3 - 24*z**2 - 138*z - 36. Give h(-15).
9
Let w(u) = -u**3 - 451*u**2 + 7496*u - 375. Determine w(16).
9
Let z(s) = -s**3 + 8*s**2 + 54*s - 440. Calculate z(8).
-8
Let d(t) = -19*t**3 - 20*t**2 + 17*t + 2. Give d(1).
-20
Let a(u) = -2*u**3 + 35*u**2 - 139*u + 80. Determine a(12).
-4
Let x(w) = 132*w - 15441. Calculate x(117).
3
Let n(g) = -4*g**2 - 238*g - 428. What is n(-58)?
-80
Let o(k) = k**3 + 52*k**2 - 59*k - 316. What is o(-53)?
2
Let m(l) = 1040*l + 3099. Determine m(-3).
-21
Let y(s) = -s**3 - 9*s**2 - s + 50. Determine y(-7).
-41
Let n(f) = 1177*f - 2361. Determine n(2).
-7
Let s(d) = 765*d - 2302. What is s(3)?
-7
Let p(v) = 2*v**3 - 6*v**2 - 11*v + 18. Determine p(5).
63
Let i(j) = -15*j - 62. Give i(-6).
28
Let s(j) = -j**3 - 25*j**2 + 78*j - 208. Give s(-28).
-40
Let c(b) = -2*b**3 + 87*b**2 + 22*b + 981. Calculate c(44).
13
Let v(k) = -50*k**2 + 443*k + 71. What is v(9)?
8
Let h(j) = -j**3 - 43*j**2 + 16*j + 149. What is h(-43)?
-539
Let b(d) = -d**3 + 15*d**2 - d - 48. What is b(0)?
-48
Let l(c) = c**3 + 228*c**2 - 474*c - 3240. Determine l(-230).
-20
Let h(b) = b**3 - 22*b**2 + 4*b - 265. Determine h(22).
-177
Let z(y) = -y**2 + 101*y + 988. Calculate z(-9).
-2
Let g(w) = 75*w + 1266. Give g(-17).
-9
Let m(g) = -26*g + 749. Give m(29).
-5
Let b(i) = 20*i - 3876. Calculate b(194).
4
Let x(a) = 92*a + 145. Determine x(-4).
-223
Let q(c) = c**2 + 4*c + 13. Give q(10).
153
Let j(z) = z**3 - 116*z**2 + 3237*z - 2976. Determine j(71).
6
Let a(d) = -d**2 + 320*d + 2621. Give a(-8).
-3
Let i(d) = 9*d**2 + 7*d - 293. Determine i(-6).
-11
Let p(n) = -4*n**2 - 100*n + 5300. Give p(-51).
-4
Let y(s) = 170*s + 13277. Calculate y(-78).
17
Let f(j) = 2*j**2 + 13*j + 1. Determine f(-4).
-19
Let g(u) = 2*u**2 - 29*u + 2. Calculate g(18).
128
Let c(d) = 13*d**3 - 2*d**2 + 209*d - 209. Calculate c(1).
11
Let b(o) = -2*o**3 - 2*o**2 + 24*o - 22. What is b(3)?
-22
Let h(f) = -f**3 + 51*f**2 + 466*f + 424. Calculate h(59).
70
Let k(o) = -o**3 - 57*o**2 - 67*o - 452. Determine k(-56).
164
Let q(d) = -4596*d + 4609. Give q(1).
13
Let a(l) = l**2 + 1542*l + 6154. Calculate a(-4).
2
Let g(a) = a**3 + 15*a**2 - 366*a + 11. Give g(13).
-15
Let s(u) = -9*u**2 + 51*u - 298. What is s(10)?
-688
Let m(r) = -r**3 - r**2 - 20. Give m(-4).
28
Let o(u) = -u**3 + 28*u**2 - 25*u - 76. Calculate o(27).
-22
Let t(p) = 7*p**2 - 30*p + 140. What is t(7)?
273
Let s(x) = -7*x**2 - 56*x + 85. Give s(-18).
-1175
Let s(f) = -f**3 - 139*f**2 - 384*f - 15066. Give s(-137).
4
Let l(f) = -11*f**2 + 138*f - 17. Give l(13).
-82
Let s(c) = -16617*c - 249255. Give s(-15).
0
Let o(m) = -246*m**2 + 249*m + 7. Determine o(1).
10
Let n(a) = 5*a**2 - 306*a - 223. What is n(62)?
25
Let g(h) = h**3 + 10*h**2 + 11*h + 7. Give g(-9).
-11
Let s(h) = h**3 + 8*h**2 + 21*h + 38. Calculate s(-5).
8
Let x(d) = 24*d - 368. Determine x(16).
16
Let t(s) = -2*s**3 + 5*s**2 - 10. Give t(-3).
89
Let t(a) = 6*a**2 - 14*a + 7. Calculate t(2).
3
Let y(q) = -247*q - 11111. What is y(-45)?
4
Let u(q) = -q**2 + 12*q + 878. Determine u(36).
14
Let h(d) = 14390*d + 57551. Determine h(-4).
-9
Let x(s) = -5*s**3 - 5*s + 7. What is x(-2)?
57
Let j(d) = -d**3 + 80*d**2 - 146*d - 351. Determine j(78).
429
Let c(t) = -t**2 - 27*t + 57. What is c(-28)?
29
Let f(n) = -2*n**2 + 100*n - 8. Calculate f(0).
-8
Let j(i) = i**2 - 444*i + 3486. Determine j(8).
-2
Let p(z) = -47*z**2 + 986*z + 1. Calculate p(21).
-20
Let s(m) = -9882*m + 9887. What is s(1)?
5
Let s(l) = -2608*l - 2598. What is s(-1)?
10
Let x(j) = 2*j**3 + 37*j**2 + 16*j - 33. Calculate x(-18).
3
Let l(o) = -5*o**2 - 305*o - 4662. Determine l(-30).
-12
Let j(g) = g**2 - 114*g - 967. Determine j(-8).
9
Let c(j) = -6*j**3 - 80*j**2 - 26*j - 10. Give c(-13).
-10
Let o(n) = 51*n**3 + 7*n**2 + 2*n - 6. Determine o(-1).
-52
Let n(p) = 37*p + 177. What is n(-5)?
-8
Let j(y) = 685*y + 4151. Give j(-6).
41
Let a(t) = t**3 - 20*t**2 + 32*t + 28. Calculate a(18).
-44
Let q(p) = -p**3 - 42*p**2 + 6*p + 40. What is q(-42)?
-212
Let s(a) = -33*a**2 + 83*a + 248. Give s(-3).
-298
Let x(i) = -i**2 - 14*i + 228. Calculate x(-24).
-12
Let z(n) = 19*n - 69. What is z(5)?
26
Let l(b) = -2*b**3 - 26*b**2 - 63*b - 67. What is l(-8)?
-203
Let i(m) = -m**3 + 76*m**2 - 600*m - 202. What is i(67)?
-1
Let o(u) = 158*u - 1259. What is o(8)?
5
Let m(l) = -l**2 + 18*l - 23. Determine m(9).
58
Let h(s) = 2*s**2 - 15*s - 64. What is h(13)?
79
Let j(i) = i**3 - 4*i**2 + 2*i - 13. Determine j(-7).
-566
Let i(s) = 3*s**2 + 29*s + 139. What is i(-7)?
83
Let w(q) = 572*q + 1143. Calculate w(-2).
-1
Let c(z) = -7*z - 450. Give c(-64).
-2
Let g(l) = -3*l**2 - 59*l + 139. Calculate g(-22).
-15
Let m(h) = -21*h - 16. Give m(0).
-16
Let w(c) = 76*c**2 - 23*c - 1. Give w(1).
52
Let l(z) = -57*z**2 - 9*z + 2. Give l(-2).
-208
Let h(x) = 2*x**3 - 43*x**2 + 24*x - 110. Give h(21).
-47
Let x(l) = 4*l**2 - 4*l - 1883. What is x(22)?
-35
Let y(r) = 3*r**2 + 197*r + 1375. What is y(-8)?
-9
Let g(d) = -252*d - 1502. Give g(-6).
10
Let t(f) = -55*f - 30. What is t(5)?
-305
Let w(y) = 16*y**2 + 194*y + 33. Give w(-12).
9
Let z(v) = 78*v + 471. Calculate z(-6).
3
Let y(a) = 3*a**2 + 22*a + 87. Calculate y(-12).
255
Let k(w) = w**2 - 544*w + 11982. Give k(23).
-1
Let l(j) = j**3 + 7*j**2 + 29*j - 41. Give l(-5).
-136
Let z(t) = -2*t**3 + 11*t**2 + 6*t - 62. Determine z(-6).
730
Let f(v) = -v**3 + 23*v**2 + 26*v - 1. Calculate f(24).
47
Let m(q) = 261*q**2 - 510*q + 4. What is m(2)?
28
Let g(t) = -4*t**3 + 146*t**2 + 563*t - 121. Give g(40).
-1
Let m(k) = k + 55. Give m(-18).
37
Let u(n) = -n**3 + 57*n**2 + 55*n + 128. Give u(58).
-46
Let x(a) = 3*a**3 + 24*a**2 - 151*a - 91. Determine x(-12).
-7
Let v(s) = -45*s + 713. Calculate v(16).
-7
Let o(r) = -r**3 - 35*r**2 - 9*r - 311. Give o(-35).
4
Let a(o) = -o**3 - 31*o**2 - 87*o - 2715. Calculate a(-31).
-18
Let s(f) = -2*f**3 - 24*f**2 - 23*f. Calculate s(-1).
1
Let l(y) = y**2 - 228*y - 3130. What is l(-13)?
3
Let v(f) = -2*f**3 - 42*f**2 + 45*f - 32. Calcul